{"id":48,"date":"2023-10-22T15:05:28","date_gmt":"2023-10-22T13:05:28","guid":{"rendered":"https:\/\/tiphaineburtin.fr\/?page_id=48"},"modified":"2023-11-19T14:51:10","modified_gmt":"2023-11-19T13:51:10","slug":"sidonie-laitiere-a-paris","status":"publish","type":"page","link":"https:\/\/tiphaineburtin.fr\/index.php\/accueil\/sidonie-laitiere-a-paris\/","title":{"rendered":"Sidonie, laiti\u00e8re \u00e0 Paris"},"content":{"rendered":"\t\t<div data-elementor-type=\"wp-page\" data-elementor-id=\"48\" class=\"elementor elementor-48\">\n\t\t\t\t\t\t\t<div class=\"elementor-element elementor-element-bfecc80 e-flex e-con-boxed e-con e-parent\" data-id=\"bfecc80\" data-element_type=\"container\" data-settings=\"{&quot;content_width&quot;:&quot;boxed&quot;}\" data-core-v316-plus=\"true\">\n\t\t\t\t\t<div class=\"e-con-inner\">\n\t\t\t\t<div class=\"elementor-element elementor-element-5f4baa0 elementor-widget elementor-widget-heading\" data-id=\"5f4baa0\" data-element_type=\"widget\" data-widget_type=\"heading.default\">\n\t\t\t\t<div class=\"elementor-widget-container\">\n\t\t\t<style>\/*! elementor - v3.16.0 - 17-10-2023 *\/\n.elementor-heading-title{padding:0;margin:0;line-height:1}.elementor-widget-heading .elementor-heading-title[class*=elementor-size-]>a{color:inherit;font-size:inherit;line-height:inherit}.elementor-widget-heading .elementor-heading-title.elementor-size-small{font-size:15px}.elementor-widget-heading .elementor-heading-title.elementor-size-medium{font-size:19px}.elementor-widget-heading .elementor-heading-title.elementor-size-large{font-size:29px}.elementor-widget-heading .elementor-heading-title.elementor-size-xl{font-size:39px}.elementor-widget-heading .elementor-heading-title.elementor-size-xxl{font-size:59px}<\/style><h2 class=\"elementor-heading-title elementor-size-default\">Sidonie, laiti\u00e8re \u00e0 Paris<\/h2>\t\t<\/div>\n\t\t\t\t<\/div>\n\t\t\t\t<div class=\"elementor-element elementor-element-82af033 elementor-widget elementor-widget-spacer\" data-id=\"82af033\" data-element_type=\"widget\" data-widget_type=\"spacer.default\">\n\t\t\t\t<div class=\"elementor-widget-container\">\n\t\t\t<style>\/*! elementor - v3.16.0 - 17-10-2023 *\/\n.elementor-column .elementor-spacer-inner{height:var(--spacer-size)}.e-con{--container-widget-width:100%}.e-con-inner>.elementor-widget-spacer,.e-con>.elementor-widget-spacer{width:var(--container-widget-width,var(--spacer-size));--align-self:var(--container-widget-align-self,initial);--flex-shrink:0}.e-con-inner>.elementor-widget-spacer>.elementor-widget-container,.e-con>.elementor-widget-spacer>.elementor-widget-container{height:100%;width:100%}.e-con-inner>.elementor-widget-spacer>.elementor-widget-container>.elementor-spacer,.e-con>.elementor-widget-spacer>.elementor-widget-container>.elementor-spacer{height:100%}.e-con-inner>.elementor-widget-spacer>.elementor-widget-container>.elementor-spacer>.elementor-spacer-inner,.e-con>.elementor-widget-spacer>.elementor-widget-container>.elementor-spacer>.elementor-spacer-inner{height:var(--container-widget-height,var(--spacer-size))}.e-con-inner>.elementor-widget-spacer.elementor-widget-empty,.e-con>.elementor-widget-spacer.elementor-widget-empty{position:relative;min-height:22px;min-width:22px}.e-con-inner>.elementor-widget-spacer.elementor-widget-empty .elementor-widget-empty-icon,.e-con>.elementor-widget-spacer.elementor-widget-empty .elementor-widget-empty-icon{position:absolute;top:0;bottom:0;left:0;right:0;margin:auto;padding:0;width:22px;height:22px}<\/style>\t\t<div class=\"elementor-spacer\">\n\t\t\t<div class=\"elementor-spacer-inner\"><\/div>\n\t\t<\/div>\n\t\t\t\t<\/div>\n\t\t\t\t<\/div>\n\t\t\t\t\t<\/div>\n\t\t\t\t<\/div>\n\t\t<div class=\"elementor-element elementor-element-f3bf2bc e-flex e-con-boxed e-con e-parent\" data-id=\"f3bf2bc\" data-element_type=\"container\" data-settings=\"{&quot;content_width&quot;:&quot;boxed&quot;}\" data-core-v316-plus=\"true\">\n\t\t\t\t\t<div class=\"e-con-inner\">\n\t\t\t\t<div class=\"elementor-element elementor-element-10301c8 elementor-widget elementor-widget-image\" data-id=\"10301c8\" data-element_type=\"widget\" data-widget_type=\"image.default\">\n\t\t\t\t<div class=\"elementor-widget-container\">\n\t\t\t<style>\/*! elementor - v3.16.0 - 17-10-2023 *\/\n.elementor-widget-image{text-align:center}.elementor-widget-image a{display:inline-block}.elementor-widget-image a img[src$=\".svg\"]{width:48px}.elementor-widget-image img{vertical-align:middle;display:inline-block}<\/style>\t\t\t\t\t\t\t\t\t\t\t\t<img loading=\"lazy\" decoding=\"async\" width=\"238\" height=\"343\" src=\"https:\/\/tiphaineburtin.fr\/wp-content\/uploads\/2023\/10\/Sidonie-Laitiere-a-Paris.jpg\" class=\"elementor-animation-grow attachment-large size-large wp-image-153\" alt=\"Sidonie, laiti\u00e8re \u00e0 Paris\" srcset=\"https:\/\/tiphaineburtin.fr\/wp-content\/uploads\/2023\/10\/Sidonie-Laitiere-a-Paris.jpg 238w, https:\/\/tiphaineburtin.fr\/wp-content\/uploads\/2023\/10\/Sidonie-Laitiere-a-Paris-208x300.jpg 208w\" sizes=\"auto, (max-width: 238px) 100vw, 238px\" \/>\t\t\t\t\t\t\t\t\t\t\t\t\t\t\t<\/div>\n\t\t\t\t<\/div>\n\t\t<div class=\"elementor-element elementor-element-147e0d4 e-con-full e-flex e-con e-child\" data-id=\"147e0d4\" data-element_type=\"container\" data-settings=\"{&quot;content_width&quot;:&quot;full&quot;}\">\n\t\t\t\t<div class=\"elementor-element elementor-element-9e971ca elementor-widget elementor-widget-text-editor\" data-id=\"9e971ca\" data-element_type=\"widget\" data-widget_type=\"text-editor.default\">\n\t\t\t\t<div class=\"elementor-widget-container\">\n\t\t\t<style>\/*! elementor - v3.16.0 - 17-10-2023 *\/\n.elementor-widget-text-editor.elementor-drop-cap-view-stacked .elementor-drop-cap{background-color:#69727d;color:#fff}.elementor-widget-text-editor.elementor-drop-cap-view-framed .elementor-drop-cap{color:#69727d;border:3px solid;background-color:transparent}.elementor-widget-text-editor:not(.elementor-drop-cap-view-default) .elementor-drop-cap{margin-top:8px}.elementor-widget-text-editor:not(.elementor-drop-cap-view-default) .elementor-drop-cap-letter{width:1em;height:1em}.elementor-widget-text-editor .elementor-drop-cap{float:left;text-align:center;line-height:1;font-size:50px}.elementor-widget-text-editor .elementor-drop-cap-letter{display:inline-block}<\/style>\t\t\t\t<span style=\"color: #54595F; font-family: Helvetica; font-size: 16px;\">Paris, \u00e9t\u00e9 1867. Sidonie, orpheline de dix-huit ans, quitte tous les matins Belleville pour aller vendre du lait dans les beaux quartiers du centre parisien. Pendant ses longues heures de vente, elle \u00e9coute les comm\u00e9rages des domestiques, elle rencontre ses amies et, surtout, elle observe les passants. L&rsquo;un d&rsquo;entre eux, le comte Eug\u00e8ne de Beaupr\u00e9, retient plus particuli\u00e8rement son attention.<\/span><br style=\"color: #54595F; font-family: Helvetica; font-size: 16px;\" \/><span style=\"color: #54595F; font-family: Helvetica; font-size: 16px;\">Tandis que les deux jeunes gens se rapprochent, Sidonie se retrouve \u00e9cartel\u00e9e entre ses sentiments pour Eug\u00e8ne et les mises en garde de ses amies, qui lui affirment que jamais un comte et une laiti\u00e8re ne pourront s&rsquo;aimer. Mais Sidonie pourra-t-elle vraiment \u00e9couter sa raison ? Ou suivra-t-elle son c\u0153ur, au risque de se perdre et de perdre ses amies avec elle ?<\/span><br style=\"color: #ffffff; font-family: Helvetica; font-size: 16px;\" \/><span style=\"color: #54595F; font-family: Helvetica; font-size: 16px;\">Dans cette fiction historique fond\u00e9e sur de nombreuses archives, Sidonie partage sa vie quotidienne avec les lecteurs, leur permettant une immersion totale dans le Paris du Second Empire.<\/span>\t\t\t\t\t\t<\/div>\n\t\t\t\t<\/div>\n\t\t\t\t<\/div>\n\t\t\t\t\t<\/div>\n\t\t\t\t<\/div>\n\t\t<div class=\"elementor-element elementor-element-173336a e-flex e-con-boxed e-con e-parent\" data-id=\"173336a\" data-element_type=\"container\" data-settings=\"{&quot;content_width&quot;:&quot;boxed&quot;}\" data-core-v316-plus=\"true\">\n\t\t\t\t\t<div class=\"e-con-inner\">\n\t\t\t\t\t<\/div>\n\t\t\t\t<\/div>\n\t\t<div class=\"elementor-element elementor-element-094bd48 e-flex e-con-boxed e-con e-parent\" data-id=\"094bd48\" data-element_type=\"container\" data-settings=\"{&quot;content_width&quot;:&quot;boxed&quot;}\" data-core-v316-plus=\"true\">\n\t\t\t\t\t<div class=\"e-con-inner\">\n\t\t<div class=\"elementor-element elementor-element-f6ef202 e-con-full e-flex e-con e-child\" data-id=\"f6ef202\" data-element_type=\"container\" data-settings=\"{&quot;content_width&quot;:&quot;full&quot;}\">\n\t\t\t\t<div class=\"elementor-element elementor-element-48f3472 elementor-widget elementor-widget-heading\" data-id=\"48f3472\" data-element_type=\"widget\" data-widget_type=\"heading.default\">\n\t\t\t\t<div class=\"elementor-widget-container\">\n\t\t\t<h2 class=\"elementor-heading-title elementor-size-default\">Pour passer commande<br><\/h2>\t\t<\/div>\n\t\t\t\t<\/div>\n\t\t\t\t<div class=\"elementor-element elementor-element-e1b9e75 elementor-align-center elementor-widget elementor-widget-button\" data-id=\"e1b9e75\" data-element_type=\"widget\" data-widget_type=\"button.default\">\n\t\t\t\t<div class=\"elementor-widget-container\">\n\t\t\t\t\t<div class=\"elementor-button-wrapper\">\n\t\t\t<a class=\"elementor-button elementor-button-link elementor-size-md\" href=\"https:\/\/tiphaineburtin.fr\/index.php\/contact\/\">\n\t\t\t\t\t\t<span class=\"elementor-button-content-wrapper\">\n\t\t\t\t\t\t<span class=\"elementor-button-icon elementor-align-icon-left\">\n\t\t\t\t<i aria-hidden=\"true\" class=\"fas fa-money-check\"><\/i>\t\t\t<\/span>\n\t\t\t\t\t\t<span class=\"elementor-button-text\">Je contacte l'autrice pour lui passer commande directement. Comme \u00e7a j'\u00e9vite les interm\u00e9diaires et je la soutiens !<\/span>\n\t\t<\/span>\n\t\t\t\t\t<\/a>\n\t\t<\/div>\n\t\t\t\t<\/div>\n\t\t\t\t<\/div>\n\t\t\t\t<div class=\"elementor-element elementor-element-e60d6e9 elementor-align-center elementor-widget elementor-widget-button\" data-id=\"e60d6e9\" data-element_type=\"widget\" data-widget_type=\"button.default\">\n\t\t\t\t<div class=\"elementor-widget-container\">\n\t\t\t\t\t<div class=\"elementor-button-wrapper\">\n\t\t\t<a class=\"elementor-button elementor-button-link elementor-size-md\" href=\"https:\/\/www.bookelis.com\/romans-historiques\/51213-Sidonie-Laitiere-a-Paris.html\">\n\t\t\t\t\t\t<span class=\"elementor-button-content-wrapper\">\n\t\t\t\t\t\t<span class=\"elementor-button-icon elementor-align-icon-left\">\n\t\t\t\t<i aria-hidden=\"true\" class=\"far fa-credit-card\"><\/i>\t\t\t<\/span>\n\t\t\t\t\t\t<span class=\"elementor-button-text\">Je commande sur BOOKELIS<\/span>\n\t\t<\/span>\n\t\t\t\t\t<\/a>\n\t\t<\/div>\n\t\t\t\t<\/div>\n\t\t\t\t<\/div>\n\t\t\t\t<\/div>\n\t\t<div class=\"elementor-element elementor-element-89e8617 e-con-full e-flex e-con e-child\" data-id=\"89e8617\" data-element_type=\"container\" data-settings=\"{&quot;content_width&quot;:&quot;full&quot;}\">\n\t\t\t\t<div class=\"elementor-element elementor-element-238ce66 elementor-widget elementor-widget-text-editor\" data-id=\"238ce66\" data-element_type=\"widget\" data-widget_type=\"text-editor.default\">\n\t\t\t\t<div class=\"elementor-widget-container\">\n\t\t\t\t\t\t\t<h2 style=\"margin: 0px; padding: 0px; border: 0px; font-family: Helvetica; font-size: 12px; vertical-align: baseline; color: #54595F;\"><u>Informations techniques:\u00a0<\/u><\/h2>\n<div style=\"margin: 0px; padding: 0px; border: 0px; font-family: Helvetica; font-size: 12px; vertical-align: baseline; color: #54595F;\"><\/div>\n<div style=\"margin: 0px; padding: 0px; border: 0px; font-family: Helvetica; font-size: 12px; vertical-align: baseline; color: #54595F;\">Nombre de pages :\u00a0<span style=\"margin: 0px; padding: 0px; border: 0px; vertical-align: baseline;\">232<\/span><\/div>\n<div style=\"margin: 0px; padding: 0px; border: 0px; font-family: Helvetica; font-size: 12px; vertical-align: baseline; color: #54595F;\">Couverture :\u00a0<span style=\"margin: 0px; padding: 0px; border: 0px; vertical-align: baseline;\">souple &#8211; carte couch\u00e9e,<\/span><\/div>\n<div style=\"margin: 0px; padding: 0px; border: 0px; font-family: Helvetica; font-size: 12px; vertical-align: baseline; color: #54595F;\">Format :\u00a0<span style=\"margin: 0px; padding: 0px; border: 0px; vertical-align: baseline;\">14.8x21cm,<\/span><\/div>\n<div style=\"margin: 0px; padding: 0px; border: 0px; font-family: Helvetica; font-size: 12px; vertical-align: baseline; color: #54595F;\">Couleur :\u00a0<span style=\"margin: 0px; padding: 0px; border: 0px; vertical-align: baseline;\">noir et blanc,<\/span><\/div>\n<div style=\"margin: 0px; padding: 0px; border: 0px; font-family: Helvetica; font-size: 12px; vertical-align: baseline; color: #54595F;\">Type papier :\u00a0<span style=\"margin: 0px; padding: 0px; border: 0px; vertical-align: baseline;\">offset<\/span><\/div>\n<div style=\"margin: 0px; padding: 0px; border: 0px; font-family: Helvetica; font-size: 12px; vertical-align: baseline; color: #54595F;\">Pelliculage :\u00a0<span style=\"margin: 0px; padding: 0px; border: 0px; vertical-align: baseline;\">brillant<\/span><\/div>\n<div style=\"margin: 0px; padding: 0px; border: 0px; font-family: Helvetica; font-size: 12px; vertical-align: baseline; color: #54595F;\">Date de publication :\u00a0<span style=\"margin: 0px; padding: 0px; border: 0px; vertical-align: baseline;\">02\/05\/2022<\/span><\/div>\n<div style=\"margin: 0px; padding: 0px; border: 0px; font-family: Helvetica; font-size: 12px; vertical-align: baseline; color: #54595F;\"><span style=\"margin: 0px; padding: 0px; border: 0px; vertical-align: baseline;\">ISBN : 979-10-359-6025-4<\/span><\/div>\n<div style=\"margin: 0px; padding: 0px; border: 0px; font-family: Helvetica; font-size: 12px; vertical-align: baseline; color: #54595F;\">Livre de type :\u00a0<span style=\"margin: 0px; padding: 0px; border: 0px; vertical-align: baseline;\">Papier<\/span><\/div>\t\t\t\t\t\t<\/div>\n\t\t\t\t<\/div>\n\t\t\t\t<\/div>\n\t\t\t\t\t<\/div>\n\t\t\t\t<\/div>\n\t\t<div class=\"elementor-element elementor-element-e1efe8a e-flex e-con-boxed e-con e-parent\" data-id=\"e1efe8a\" data-element_type=\"container\" data-settings=\"{&quot;content_width&quot;:&quot;boxed&quot;}\" data-core-v316-plus=\"true\">\n\t\t\t\t\t<div class=\"e-con-inner\">\n\t\t\t\t<div class=\"elementor-element elementor-element-f901c81 elementor-arrows-position-inside elementor-pagination-position-outside elementor-widget elementor-widget-image-carousel\" data-id=\"f901c81\" data-element_type=\"widget\" data-settings=\"{&quot;navigation&quot;:&quot;both&quot;,&quot;autoplay&quot;:&quot;yes&quot;,&quot;pause_on_hover&quot;:&quot;yes&quot;,&quot;pause_on_interaction&quot;:&quot;yes&quot;,&quot;autoplay_speed&quot;:5000,&quot;infinite&quot;:&quot;yes&quot;,&quot;speed&quot;:500}\" data-widget_type=\"image-carousel.default\">\n\t\t\t\t<div class=\"elementor-widget-container\">\n\t\t\t<style>\/*! elementor - v3.16.0 - 17-10-2023 *\/\n.elementor-widget-image-carousel .swiper,.elementor-widget-image-carousel .swiper-container{position:static}.elementor-widget-image-carousel .swiper-container .swiper-slide figure,.elementor-widget-image-carousel .swiper .swiper-slide figure{line-height:inherit}.elementor-widget-image-carousel .swiper-slide{text-align:center}.elementor-image-carousel-wrapper:not(.swiper-container-initialized):not(.swiper-initialized) .swiper-slide{max-width:calc(100% \/ var(--e-image-carousel-slides-to-show, 3))}<\/style>\t\t<div class=\"elementor-image-carousel-wrapper swiper\" dir=\"ltr\">\n\t\t\t<div class=\"elementor-image-carousel swiper-wrapper\" aria-live=\"off\">\n\t\t\t\t\t\t\t\t<div class=\"swiper-slide\" role=\"group\" aria-roledescription=\"slide\" aria-label=\"1 sur 2\"><a data-elementor-open-lightbox=\"yes\" data-elementor-lightbox-slideshow=\"f901c81\" data-elementor-lightbox-title=\"71KvKcRB9-L._SY466_\" data-e-action-hash=\"#elementor-action%3Aaction%3Dlightbox%26settings%3DeyJpZCI6NjYsInVybCI6Imh0dHBzOlwvXC90aXBoYWluZWJ1cnRpbi5mclwvd3AtY29udGVudFwvdXBsb2Fkc1wvMjAyM1wvMTBcLzcxS3ZLY1JCOS1MLl9TWTQ2Nl8uanBnIiwic2xpZGVzaG93IjoiZjkwMWM4MSJ9\" href=\"https:\/\/tiphaineburtin.fr\/index.php\/mes-romans\/\"><figure class=\"swiper-slide-inner\"><img decoding=\"async\" class=\"swiper-slide-image\" src=\"https:\/\/tiphaineburtin.fr\/wp-content\/uploads\/2023\/10\/71KvKcRB9-L._SY466_-211x300.jpg\" alt=\"Ad\u00e8le, ouvri\u00e8re de la couture\" \/><\/figure><\/a><\/div><div class=\"swiper-slide\" role=\"group\" aria-roledescription=\"slide\" aria-label=\"2 sur 2\"><a data-elementor-open-lightbox=\"yes\" data-elementor-lightbox-slideshow=\"f901c81\" data-elementor-lightbox-title=\"Rosalie-Ouvreuse-a-l-Opera\" data-e-action-hash=\"#elementor-action%3Aaction%3Dlightbox%26settings%3DeyJpZCI6MTE2LCJ1cmwiOiJodHRwczpcL1wvdGlwaGFpbmVidXJ0aW4uZnJcL3dwLWNvbnRlbnRcL3VwbG9hZHNcLzIwMjNcLzEwXC9Sb3NhbGllLU91dnJldXNlLWEtbC1PcGVyYS5qcGciLCJzbGlkZXNob3ciOiJmOTAxYzgxIn0%3D\" href=\"https:\/\/tiphaineburtin.fr\/index.php\/mes-romans\/\"><figure class=\"swiper-slide-inner\"><img decoding=\"async\" class=\"swiper-slide-image\" src=\"https:\/\/tiphaineburtin.fr\/wp-content\/uploads\/2023\/10\/Rosalie-Ouvreuse-a-l-Opera-208x300.jpg\" alt=\"Rosalie, ouvreuse \u00e0 l&#039;Op\u00e9ra\" \/><\/figure><\/a><\/div>\t\t\t<\/div>\n\t\t\t\t\t\t\t\t\t\t\t\t<div class=\"elementor-swiper-button elementor-swiper-button-prev\" role=\"button\" tabindex=\"0\">\n\t\t\t\t\t\t<i aria-hidden=\"true\" class=\"eicon-chevron-left\"><\/i>\t\t\t\t\t<\/div>\n\t\t\t\t\t<div class=\"elementor-swiper-button elementor-swiper-button-next\" role=\"button\" tabindex=\"0\">\n\t\t\t\t\t\t<i aria-hidden=\"true\" class=\"eicon-chevron-right\"><\/i>\t\t\t\t\t<\/div>\n\t\t\t\t\n\t\t\t\t\t\t\t\t\t<div class=\"swiper-pagination\"><\/div>\n\t\t\t\t\t\t\t\t\t<\/div>\n\t\t\t\t<\/div>\n\t\t\t\t<\/div>\n\t\t\t\t\t<\/div>\n\t\t\t\t<\/div>\n\t\t\t\t\t\t\t<\/div>\n\t\t","protected":false},"excerpt":{"rendered":"<p>Sidonie, laiti\u00e8re \u00e0 Paris Paris, \u00e9t\u00e9 1867. Sidonie, orpheline de dix-huit ans, quitte tous les matins Belleville pour aller vendre du lait dans les beaux quartiers du centre parisien. Pendant ses longues heures de vente, elle \u00e9coute les comm\u00e9rages des domestiques, elle rencontre ses amies et, surtout, elle observe les passants. L&rsquo;un d&rsquo;entre eux, le &hellip;<\/p>\n<p class=\"read-more\"> <a class=\"\" href=\"https:\/\/tiphaineburtin.fr\/index.php\/accueil\/sidonie-laitiere-a-paris\/\"> <span class=\"screen-reader-text\">Sidonie, laiti\u00e8re \u00e0 Paris<\/span> Lire la suite\u00a0\u00bb<\/a><\/p>\n","protected":false},"author":1,"featured_media":0,"parent":11,"menu_order":0,"comment_status":"closed","ping_status":"closed","template":"","meta":{"site-sidebar-layout":"no-sidebar","site-content-layout":"","ast-site-content-layout":"full-width-container","site-content-style":"default","site-sidebar-style":"default","ast-global-header-display":"","ast-banner-title-visibility":"","ast-main-header-display":"","ast-hfb-above-header-display":"","ast-hfb-below-header-display":"","ast-hfb-mobile-header-display":"","site-post-title":"disabled","ast-breadcrumbs-content":"","ast-featured-img":"disabled","footer-sml-layout":"","theme-transparent-header-meta":"","adv-header-id-meta":"","stick-header-meta":"","header-above-stick-meta":"","header-main-stick-meta":"","header-below-stick-meta":"","astra-migrate-meta-layouts":"","footnotes":""},"class_list":["post-48","page","type-page","status-publish","hentry"],"_links":{"self":[{"href":"https:\/\/tiphaineburtin.fr\/index.php\/wp-json\/wp\/v2\/pages\/48","targetHints":{"allow":["GET"]}}],"collection":[{"href":"https:\/\/tiphaineburtin.fr\/index.php\/wp-json\/wp\/v2\/pages"}],"about":[{"href":"https:\/\/tiphaineburtin.fr\/index.php\/wp-json\/wp\/v2\/types\/page"}],"author":[{"embeddable":true,"href":"https:\/\/tiphaineburtin.fr\/index.php\/wp-json\/wp\/v2\/users\/1"}],"replies":[{"embeddable":true,"href":"https:\/\/tiphaineburtin.fr\/index.php\/wp-json\/wp\/v2\/comments?post=48"}],"version-history":[{"count":58,"href":"https:\/\/tiphaineburtin.fr\/index.php\/wp-json\/wp\/v2\/pages\/48\/revisions"}],"predecessor-version":[{"id":435,"href":"https:\/\/tiphaineburtin.fr\/index.php\/wp-json\/wp\/v2\/pages\/48\/revisions\/435"}],"up":[{"embeddable":true,"href":"https:\/\/tiphaineburtin.fr\/index.php\/wp-json\/wp\/v2\/pages\/11"}],"wp:attachment":[{"href":"https:\/\/tiphaineburtin.fr\/index.php\/wp-json\/wp\/v2\/media?parent=48"}],"curies":[{"name":"wp","href":"https:\/\/api.w.org\/{rel}","templated":true}]}}